digit of 10055?
5
What is the thousands digit of 6307?
6
What is the units digit of 778?
8
What is the thousands digit of 74057?
4
What is the tens digit of 36748?
4
What is the tens digit of 29162?
6
What is the units digit of 1218?
8
What is the thousands digit of 17240?
7
What is the thousands digit of 57626?
7
What is the ten thousands digit of 48966?
4
What is the units digit of 2872?
2
What is the tens digit of 69800?
0
What is the units digit of 9?
9
What is the units digit of 66940?
0
What is the thousands digit of 2594?
2
What is the tens digit of 2013?
1
What is the hundreds digit of 554?
5
What is the thousands digit of 67344?
7
What is the hundreds digit of 123129?
1
What is the units digit of 9162?
2
What is the thousands digit of 130308?
0
What is the units digit of 23081?
1
What is the units digit of 24101?
1
What is the thousands digit of 5267?
5
What is the hundreds digit of 539?
5
What is the thousands digit of 1327?
1
What is the thousands digit of 10312?
0
What is the ten thousands digit of 25252?
2
What is the hundreds digit of 2130?
1
What is the tens digit of 4710?
1
What is the tens digit of 6395?
9
What is the hundreds digit of 2158?
1
What is the thousands digit of 7783?
7
What is the tens digit of 1537?
3
What is the hundreds digit of 2777?
7
What is the tens digit of 13?
1
What is the hundreds digit of 4517?
5
What is the units digit of 15384?
4
What is the hundreds digit of 19613?
6
What is the tens digit of 403?
0
What is the hundreds digit of 7183?
1
What is the hundreds digit of 654?
6
What is the hundreds digit of 194?
1
What is the hundreds digit of 33576?
5
What is the units digit of 45892?
2
What is the ten thousands digit of 19651?
1
What is the hundreds digit of 35242?
2
What is the tens digit of 2553?
5
What is the thousands digit of 6009?
6
What is the tens digit of 306?
0
What is the hundreds digit of 1123?
1
What is the units digit of 1676?
6
What is the hundreds digit of 2125?
1
What is the hundreds digit of 34192?
1
What is the thousands digit of 5969?
5
What is the units digit of 161?
1
What is the tens digit of 5700?
0
What is the tens digit of 7057?
5
What is the units digit of 23053?
3
What is the thousands digit of 1589?
1
What is the ten thousands digit of 25003?
2
What is the units digit of 590?
0
What is the tens digit of 752?
5
What is the units digit of 32264?
4
What is the tens digit of 2001?
0
What is the thousands digit of 4424?
4
What is the thousands digit of 3691?
3
What is the thousands digit of 19918?
9
What is the units digit of 3397?
7
What is the tens digit of 213?
1
What is the ten thousands digit of 61437?
6
What is the tens digit of 506?
0
What is the units digit of 1776?
6
What is the tens digit of 1445?
4
What is the units digit of 24525?
5
What is the hundreds digit of 3882?
8
What is the tens digit of 110749?
4
What is the thousands digit of 30586?
0
What is the hundreds digit of 1686?
6
What is the units digit of 47148?
8
What is the tens digit of 643?
4
What is the units digit of 445?
5
What is the thousands digit of 9980?
9
What is the tens digit of 806?
0
What is the tens digit of 236?
3
What is the tens digit of 37300?
0
What is the hundreds digit of 152?
1
What is the units digit of 1450?
0
What is the thousands digit of 5683?
5
What is the hundreds digit of 1927?
9
What is the hundreds digit of 49339?
3
What is the hundreds digit of 217?
2
What is the tens digit of 3947?
4
What is the thousands digit of 9530?
9
What is the tens digit of 7908?
0
What is the tens digit of 509?
0
What is the hundreds digit of 950?
9
What is the hundreds digit of 360?
3
What is the units digit of 2725?
5
What is the hundreds digit of 23265?
2
What is the hundreds digit of 2235?
2
What is the ten thousands digit of 42961?
4
What is the hundreds digit of 31387?
3
What is the units digit of 2079?
9
What is the ten thousands digit of 86730?
8
What is the tens digit of 1137?
3
What is the units digit of 9508?
8
What is the units digit of 3708?
8
What is the units digit of 905?
5
What is the hundreds digit of 86198?
1
What is the tens digit of 45865?
6
What is the tens digit of 59?
5
What is the units digit of 2648?
8
What is the units digit of 70?
0
What is the tens digit of 672?
7
What is the tens digit of 12764?
6
What is the units digit of 129?
9
What is the units digit of 15860?
0
What is the tens digit of 5935?
3
What is the hundreds digit of 4383?
3
What is the tens digit of 3825?
2
What is the thousands digit of 5728?
5
What is the hundreds digit of 2635?
6
What is the thousands digit of 52402?
2
What is the hundreds digit of 837?
8
What is the units digit of 4730?
0
What is the ten thousands digit of 23457?
2
What is the units digit of 3914?
4
What is the tens digit of 1640?
4
What is the tens digit of 139144?
4
What is the hundreds digit of 633?
6
What is the thousands digit of 8073?
8
What is the tens digit of 2600?
0
What is the tens digit of 2558?
5
What is the hundreds digit of 571?
5
What is the thousands digit of 3231?
3
What is the hundreds digit of 8814?
8
What is the thousands digit of 2853?
2
What is the ten thousands digit of 137238?
3
What is the hundreds digit of 355?
3
What is the units digit of 532?
2
What is the thousands digit of 86897?
6
What is the tens digit of 14404?
0
What is the units digit of 8802?
2
What is the hundreds digit of 24354?
3
What is the tens digit of 500?
0
What is the units digit of 18721?
1
What is the units digit of 26441?
1
What is the units digit of 18110?
0
What is the units digit of 1065?
5
What is the thousands digit of 46998?
6
What is the units digit of 6780?
0
What is the thousands digit of 4687?
4
What is the tens digit of 14626?
2
What is the thousands digit of 15537?
5
What is the units digit of 17097?
7
What is the tens digit of 805?
0
What is the thousands digit of 2121?
2
What is the hundreds digit of 4116?
1
What is the hundreds digit of 208?
2
What is the thousands digit of 5267?
5
What is the units digit of 464?
4
What is the thousands digit of 21224?
1
What is the thousands digit of 40179?
0
What is the tens digit of 2535?
3
What is the units digit of 2478?
8
What is the units digit of 16479?
9
What is the thousands digit of 8529?
8
What is the units digit of 9586?
6
What is the hundreds digit of 8042?
0
What is the tens digit of 2791?
9
What is the tens digit of 183?
8
What is the tens digit of 1536?
3
What is the hundreds digit of 32324?
3
What is the units digit of 209?
9
What is the units digit of 7233?
3
What is the tens digit of 34904?
0
What is the tens digit of 61964?
6
What is the units digit of 3371?
1
What is the tens digit of 18262?
6
What is the ten thousands digit of 31474?
3
What is the units digit of 43821?
1
What is the hundreds digit of 58205?
2
What is the ten thousands digit of 66712?
6
What is the ten thousands digit of 27664?
2
What is the tens digit of 503?
0
What is the tens digit of 15228?
2
What is the hundreds digit of 21355?
3
What is the hundreds digit of 255?
2
What is the ten thousands digit of 29398?
2
What is the tens digit of 4766?
6
What is the hundreds digit of 30801?
8
What is the ten thousands digit of 10097?
1
What is the tens digit of 1373?
7
What is the thousands digit of 4631?
4
What is the tens digit of 2064?
6
What is the units digit of 3079?
9
What is the tens digit of 951?
5
What is the hundreds digit of 45138?
1
What is the hundreds digit of 8851?
8
What is the thousands digit of 2399?
2
What is the thousands digit of 10288?
0
What is the tens digit of 452?
5
What is the units digit of 9728?
8
What is the tens digit of 58054?
5
What is the ten thousands digit of 24104?
2
What is the units digit of 26898?
8
What is the units digit of 12087?
7
What is the tens digit of 20916?
1
What is the tens digit of 46656?
5
What is the units digit of 6668?
8
What is the tens digit of 9366?
6
What is the units digit of 2618?
8
What is the hundreds digit of 2561?
5
What is the tens digit of 13678?
7
What is the units digit of 41787?
7
What is the tens digit of 6258?
5
What is the units digit of 22908?
8
What is the hundreds digit of 931?
9
What is the tens digit of 8598?
9
What is the units digit of 62737?
7
What is the units digit of 12354?
4
What is the thousands digit of 2560?
2
What is